ime factors of 3567?
3, 29, 41
List the prime factors of 672.
2, 3, 7
What are the prime factors of 5491?
17, 19
List the prime factors of 48650.
2, 5, 7, 139
What are the prime factors of 81043?
81043
List the prime factors of 741.
3, 13, 19
What are the prime factors of 3062?
2, 1531
List the prime factors of 2270.
2, 5, 227
List the prime factors of 1545.
3, 5, 103
What are the prime factors of 34148?
2, 8537
List the prime factors of 71243.
191, 373
What are the prime factors of 20749?
20749
List the prime factors of 36464.
2, 43, 53
List the prime factors of 4942.
2, 7, 353
What are the prime factors of 11725?
5, 7, 67
What are the prime factors of 1165?
5, 233
What are the prime factors of 4079?
4079
What are the prime factors of 24402?
2, 3, 7, 83
List the prime factors of 3849.
3, 1283
List the prime factors of 29145.
3, 5, 29, 67
List the prime factors of 45412.
2, 11353
What are the prime factors of 6528?
2, 3, 17
What are the prime factors of 22571?
22571
What are the prime factors of 42770?
2, 5, 7, 13, 47
List the prime factors of 4573.
17, 269
What are the prime factors of 29487?
3, 9829
List the prime factors of 13656.
2, 3, 569
What are the prime factors of 3547?
3547
List the prime factors of 478.
2, 239
What are the prime factors of 1571?
1571
What are the prime factors of 18141?
3, 6047
List the prime factors of 147998.
2, 73999
What are the prime factors of 1284?
2, 3, 107
What are the prime factors of 547?
547
List the prime factors of 623.
7, 89
List the prime factors of 316.
2, 79
List the prime factors of 11803.
11, 29, 37
List the prime factors of 57562.
2, 17, 1693
List the prime factors of 15195.
3, 5, 1013
List the prime factors of 47835.
3, 5, 1063
What are the prime factors of 3826?
2, 1913
What are the prime factors of 26984?
2, 3373
What are the prime factors of 1579?
1579
What are the prime factors of 16630?
2, 5, 1663
List the prime factors of 62197.
37, 41
What are the prime factors of 8632?
2, 13, 83
What are the prime factors of 19178?
2, 43, 223
List the prime factors of 804.
2, 3, 67
List the prime factors of 22851.
3, 2539
List the prime factors of 2902.
2, 1451
What are the prime factors of 49301?
7, 7043
What are the prime factors of 21489?
3, 13, 19, 29
List the prime factors of 6907.
6907
What are the prime factors of 36053?
31, 1163
List the prime factors of 273.
3, 7, 13
List the prime factors of 6883.
6883
List the prime factors of 1966.
2, 983
List the prime factors of 2679.
3, 19, 47
List the prime factors of 18325.
5, 733
List the prime factors of 22148.
2, 7, 113
List the prime factors of 3516.
2, 3, 293
What are the prime factors of 2607?
3, 11, 79
What are the prime factors of 82?
2, 41
What are the prime factors of 4253?
4253
List the prime factors of 380.
2, 5, 19
What are the prime factors of 7099?
31, 229
What are the prime factors of 4057?
4057
List the prime factors of 76999.
13, 5923
What are the prime factors of 34397?
11, 53, 59
List the prime factors of 1226.
2, 613
List the prime factors of 320.
2, 5
What are the prime factors of 108885?
3, 5, 7, 17, 61
What are the prime factors of 45889?
109, 421
List the prime factors of 31643.
31643
List the prime factors of 16049.
11, 1459
List the prime factors of 2606.
2, 1303
What are the prime factors of 12628?
2, 7, 11, 41
List the prime factors of 5492.
2, 1373
What are the prime factors of 7056?
2, 3, 7
What are the prime factors of 1678?
2, 839
List the prime factors of 16167.
3, 17, 317
What are the prime factors of 13042?
2, 6521
What are the prime factors of 157?
157
List the prime factors of 30338.
2, 7, 11, 197
List the prime factors of 66476.
2, 16619
List the prime factors of 27353.
17, 1609
What are the prime factors of 21300?
2, 3, 5, 71
List the prime factors of 23340.
2, 3, 5, 389
List the prime factors of 521.
521
List the prime factors of 27.
3
List the prime factors of 1076.
2, 269
List the prime factors of 641.
641
What are the prime factors of 21396?
2, 3, 1783
What are the prime factors of 92?
2, 23
What are the prime factors of 540?
2, 3, 5
List the prime factors of 166727.
11, 23, 659
What are the prime factors of 24673?
11, 2243
List the prime factors of 7662.
2, 3, 1277
What are the prime factors of 5328?
2, 3, 37
What are the prime factors of 3052?
2, 7, 109
What are the prime factors of 24670?
2, 5, 2467
What are the prime factors of 7426?
2, 47, 79
List the prime factors of 10840.
2, 5, 271
What are the prime factors of 42559?
11, 53, 73
List the prime factors of 51096.
2, 3, 2129
What are the prime factors of 50562?
2, 3, 53
What are the prime factors of 209?
11, 19
List the prime factors of 2109.
3, 19, 37
List the prime factors of 47293.
47293
What are the prime factors of 6487?
13, 499
What are the prime factors of 1115?
5, 223
List the prime factors of 61910.
2, 5, 41, 151
What are the prime factors of 51?
3, 17
List the prime factors of 4707.
3, 523
List the prime factors of 11814.
2, 3, 11, 179
List the prime factors of 5741.
5741
What are the prime factors of 65849?
7, 23, 409
List the prime factors of 36445.
5, 37, 197
What are the prime factors of 1950?
2, 3, 5, 13
List the prime factors of 4348.
2, 1087
List the prime factors of 1990.
2, 5, 199
List the prime factors of 55407.
3, 11, 23, 73
What are the prime factors of 300?
2, 3, 5
What are the prime factors of 9363?
3, 3121
List the prime factors of 126175.
5, 7, 103
List the prime factors of 1846.
2, 13, 71
List the prime factors of 2553.
3, 23, 37
List the prime factors of 29504.
2, 461
List the prime factors of 1905.
3, 5, 127
What are the prime factors of 14887?
14887
List the prime factors of 6056.
2, 757
What are the prime factors of 6395?
5, 1279
List the prime factors of 2249.
13, 173
What are the prime factors of 135024?
2, 3, 29, 97
List the prime factors of 1738.
2, 11, 79
What are the prime factors of 74247?
3, 24749
List the prime factors of 2057.
11, 17
What are the prime factors of 664?
2, 83
List the prime factors of 1663.
1663
List the prime factors of 7728.
2, 3, 7, 23
What are the prime factors of 3044?
2, 761
List the prime factors of 115972.
2, 79, 367
What are the prime factors of 11846?
2, 5923
List the prime factors of 894.
2, 3, 149
List the prime factors of 50.
2, 5
What are the prime factors of 26443?
31, 853
What are the prime factors of 138531?
3, 61, 757
List the prime factors of 1130.
2, 5, 113
List the prime factors of 168.
2, 3, 7
What are the prime factors of 82935?
3, 5, 19, 97
List the prime factors of 73730.
2, 5, 73, 101
List the prime factors of 6405.
3, 5, 7, 61
List the prime factors of 66644.
2, 16661
What are the prime factors of 1024?
2
List the prime factors of 859.
859
What are the prime factors of 108?
2, 3
What are the prime factors of 23846?
2, 11923
What are the prime factors of 567?
3, 7
List the prime factors of 13081.
103, 127
What are the prime factors of 12129?
3, 13, 311
What are the prime factors of 15595?
5, 3119
List the prime factors of 16601.
13, 1277
List the prime factors of 233.
233
What are the prime factors of 31905?
3, 5, 709
What are the prime factors of 4925?
5, 197
List the prime factors of 228.
2, 3, 19
List the prime factors of 10153.
11, 13, 71
What are the prime factors of 96559?
223, 433
What are the prime factors of 94423?
7, 41, 47
What are the prime factors of 425?
5, 17
What are the prime factors of 1652?
2, 7, 59
What are the prime factors of 2398?
2, 11, 109
List the prime factors of 3070.
2, 5, 307
List the prime factors of 1131.
3, 13, 29
List the prime factors of 2481.
3, 827
List the prime factors of 24815.
5, 7, 709
List the prime factors of 44754.
2, 3, 7459
What are the prime factors of 231?
3, 7, 11
List the prime factors of 2317.
7, 331
List the prime factors of 10397.
37, 281
List the prime factors of 54508.
2, 13627
List the prime factors of 9523.
89, 107
List the prime factors of 83689.
83689
What are the prime factors of 54603?
3, 6067
What are the prime factors of 4567?
4567
List the prime factors of 1474.
2, 11, 67
What are the prime factors of 12313?
7, 1759
List the prime factors of 4539.
3, 17, 89
What are the prime factors of 389?
389
What are the prime factors of 2688?
2, 3, 7
List the prime factors of 11121.
3, 11, 337
List the prime factors o